{"id":168,"date":"2024-05-07T20:36:00","date_gmt":"2024-05-07T20:36:00","guid":{"rendered":"https:\/\/sezextremadura.org\/?page_id=168"},"modified":"2025-10-02T18:49:11","modified_gmt":"2025-10-02T18:49:11","slug":"cursos","status":"publish","type":"page","link":"https:\/\/sezextremadura.org\/index.php\/cursos\/","title":{"rendered":"CURSOS"},"content":{"rendered":"\t\t<div data-elementor-type=\"wp-page\" data-elementor-id=\"168\" class=\"elementor elementor-168\">\n\t\t\t\t<div class=\"elementor-element elementor-element-58f16dc e-con-full e-flex e-con e-parent\" data-id=\"58f16dc\" data-element_type=\"container\">\n\t\t\t\t<div class=\"elementor-element elementor-element-6ab2a19 elementor-tabs-view-horizontal elementor-widget elementor-widget-tabs\" data-id=\"6ab2a19\" data-element_type=\"widget\" data-widget_type=\"tabs.default\">\n\t\t\t\t<div class=\"elementor-widget-container\">\n\t\t\t\t\t\t\t<div class=\"elementor-tabs\">\n\t\t\t<div class=\"elementor-tabs-wrapper\" role=\"tablist\" >\n\t\t\t\t\t\t\t\t\t<div id=\"elementor-tab-title-1111\" class=\"elementor-tab-title elementor-tab-desktop-title\" aria-selected=\"true\" data-tab=\"1\" role=\"tab\" tabindex=\"0\" aria-controls=\"elementor-tab-content-1111\" aria-expanded=\"false\">CURSOS 2025<\/div>\n\t\t\t\t\t\t\t\t\t<div id=\"elementor-tab-title-1112\" class=\"elementor-tab-title elementor-tab-desktop-title\" aria-selected=\"false\" data-tab=\"2\" role=\"tab\" tabindex=\"-1\" aria-controls=\"elementor-tab-content-1112\" aria-expanded=\"false\">CURSOS 2024<\/div>\n\t\t\t\t\t\t\t<\/div>\n\t\t\t<div class=\"elementor-tabs-content-wrapper\" role=\"tablist\" aria-orientation=\"vertical\">\n\t\t\t\t\t\t\t\t\t<div class=\"elementor-tab-title elementor-tab-mobile-title\" aria-selected=\"true\" data-tab=\"1\" role=\"tab\" tabindex=\"0\" aria-controls=\"elementor-tab-content-1111\" aria-expanded=\"false\">CURSOS 2025<\/div>\n\t\t\t\t\t<div id=\"elementor-tab-content-1111\" class=\"elementor-tab-content elementor-clearfix\" data-tab=\"1\" role=\"tabpanel\" aria-labelledby=\"elementor-tab-title-1111\" tabindex=\"0\" hidden=\"false\"><h1 style=\"text-align: center;\"><a href=\"https:\/\/docs.google.com\/forms\/d\/e\/1FAIpQLSfyxXTVUSDT4r566hEmUaGYMWhQtaah8S5xxsgG3mLo3QbD0Q\/viewform?usp=sharing&amp;ouid=109918033850322277290\"><img fetchpriority=\"high\" decoding=\"async\" class=\"wp-image-601 size-medium aligncenter\" src=\"http:\/\/sezextremadura.org\/wp-content\/uploads\/2025\/10\/curso-lobo-212x300.jpg\" alt=\"\" width=\"212\" height=\"300\" srcset=\"https:\/\/sezextremadura.org\/wp-content\/uploads\/2025\/10\/curso-lobo-212x300.jpg 212w, https:\/\/sezextremadura.org\/wp-content\/uploads\/2025\/10\/curso-lobo-724x1024.jpg 724w, https:\/\/sezextremadura.org\/wp-content\/uploads\/2025\/10\/curso-lobo-768x1086.jpg 768w, https:\/\/sezextremadura.org\/wp-content\/uploads\/2025\/10\/curso-lobo-1086x1536.jpg 1086w, https:\/\/sezextremadura.org\/wp-content\/uploads\/2025\/10\/curso-lobo.jpg 1131w\" sizes=\"(max-width: 212px) 100vw, 212px\" \/><br \/><img decoding=\"async\" class=\"wp-image-584 size-medium aligncenter\" src=\"http:\/\/sezextremadura.org\/wp-content\/uploads\/2025\/04\/Cartel-Plumas--212x300.jpg\" alt=\"\" width=\"212\" height=\"300\" srcset=\"https:\/\/sezextremadura.org\/wp-content\/uploads\/2025\/04\/Cartel-Plumas--212x300.jpg 212w, https:\/\/sezextremadura.org\/wp-content\/uploads\/2025\/04\/Cartel-Plumas--724x1024.jpg 724w, https:\/\/sezextremadura.org\/wp-content\/uploads\/2025\/04\/Cartel-Plumas--768x1086.jpg 768w, https:\/\/sezextremadura.org\/wp-content\/uploads\/2025\/04\/Cartel-Plumas--1086x1536.jpg 1086w, https:\/\/sezextremadura.org\/wp-content\/uploads\/2025\/04\/Cartel-Plumas-.jpg 1131w\" sizes=\"(max-width: 212px) 100vw, 212px\" \/><\/a><a href=\"https:\/\/docs.google.com\/forms\/d\/e\/1FAIpQLSd5bA9Ix2slzn_gQGYf71PbyxECwsT-bJ6H58KaKC-QLjDhkA\/viewform?usp=header\"><img decoding=\"async\" class=\"wp-image-557 size-medium aligncenter\" src=\"http:\/\/sezextremadura.org\/wp-content\/uploads\/2025\/03\/1736097246531-212x300.jpg\" alt=\"\" width=\"212\" height=\"300\" srcset=\"https:\/\/sezextremadura.org\/wp-content\/uploads\/2025\/03\/1736097246531-212x300.jpg 212w, https:\/\/sezextremadura.org\/wp-content\/uploads\/2025\/03\/1736097246531-724x1024.jpg 724w, https:\/\/sezextremadura.org\/wp-content\/uploads\/2025\/03\/1736097246531-768x1086.jpg 768w, https:\/\/sezextremadura.org\/wp-content\/uploads\/2025\/03\/1736097246531-1086x1536.jpg 1086w, https:\/\/sezextremadura.org\/wp-content\/uploads\/2025\/03\/1736097246531.jpg 1131w\" sizes=\"(max-width: 212px) 100vw, 212px\" \/><\/a><\/h1>\n<p><img loading=\"lazy\" decoding=\"async\" class=\"wp-image-571 size-medium aligncenter\" src=\"http:\/\/sezextremadura.org\/wp-content\/uploads\/2025\/04\/Cartel-Curso-Lince-1-212x300.jpg\" alt=\"REALIZADO\" width=\"212\" height=\"300\" srcset=\"https:\/\/sezextremadura.org\/wp-content\/uploads\/2025\/04\/Cartel-Curso-Lince-1-212x300.jpg 212w, https:\/\/sezextremadura.org\/wp-content\/uploads\/2025\/04\/Cartel-Curso-Lince-1-724x1024.jpg 724w, https:\/\/sezextremadura.org\/wp-content\/uploads\/2025\/04\/Cartel-Curso-Lince-1-768x1086.jpg 768w, https:\/\/sezextremadura.org\/wp-content\/uploads\/2025\/04\/Cartel-Curso-Lince-1-1086x1536.jpg 1086w, https:\/\/sezextremadura.org\/wp-content\/uploads\/2025\/04\/Cartel-Curso-Lince-1.jpg 1131w\" sizes=\"(max-width: 212px) 100vw, 212px\" \/><\/p>\n<h2><b>\u00a0 \u00a0 \u00a0 \u00a0 \u00a0 \u00a0 \u00a0 \u00a0 \u00a0 \u00a0 \u00a0 \u00a0 \u00a0 \u00a0\u00a0<\/b><\/h2><\/div>\n\t\t\t\t\t\t\t\t\t<div class=\"elementor-tab-title elementor-tab-mobile-title\" aria-selected=\"false\" data-tab=\"2\" role=\"tab\" tabindex=\"-1\" aria-controls=\"elementor-tab-content-1112\" aria-expanded=\"false\">CURSOS 2024<\/div>\n\t\t\t\t\t<div id=\"elementor-tab-content-1112\" class=\"elementor-tab-content elementor-clearfix\" data-tab=\"2\" role=\"tabpanel\" aria-labelledby=\"elementor-tab-title-1112\" tabindex=\"0\" hidden=\"hidden\"><p>Descubre los cursos que la SEZ ofrece este 2024 en el siguiente enlace\u00a0<a style=\"font-family: var( --e-global-typography-text-font-family ), Sans-serif; font-weight: var( --e-global-typography-text-font-weight ); font-size: var(--bs-body-font-size);\" href=\"http:\/\/sezextremadura.org\/index.php\/cursos-2024\/\">http:\/\/sezextremadura.org\/wp-admin\/post.php?post=284&amp;action=edit<\/a><\/p><\/div>\n\t\t\t\t\t\t\t<\/div>\n\t\t<\/div>\n\t\t\t\t\t\t<\/div>\n\t\t\t\t<\/div>\n\t\t\t\t<\/div>\n\t\t<div class=\"elementor-element elementor-element-74da4b7 e-grid e-con-full e-con e-parent\" data-id=\"74da4b7\" data-element_type=\"container\" data-settings=\"{&quot;background_background&quot;:&quot;classic&quot;}\">\n\t\t\t\t<div class=\"elementor-element elementor-element-d1d2569 elementor-arrows-position-outside elementor-pagination-position-outside elementor-widget elementor-widget-image-carousel\" data-id=\"d1d2569\" data-element_type=\"widget\" data-settings=\"{&quot;slides_to_show&quot;:&quot;1&quot;,&quot;navigation&quot;:&quot;both&quot;,&quot;autoplay&quot;:&quot;yes&quot;,&quot;pause_on_hover&quot;:&quot;yes&quot;,&quot;pause_on_interaction&quot;:&quot;yes&quot;,&quot;autoplay_speed&quot;:5000,&quot;infinite&quot;:&quot;yes&quot;,&quot;effect&quot;:&quot;slide&quot;,&quot;speed&quot;:500}\" data-widget_type=\"image-carousel.default\">\n\t\t\t\t<div class=\"elementor-widget-container\">\n\t\t\t\t\t\t\t<div class=\"elementor-image-carousel-wrapper swiper\" role=\"region\" aria-roledescription=\"carousel\" aria-label=\"Carrusel de im\u00e1genes\" dir=\"ltr\">\n\t\t\t<div class=\"elementor-image-carousel swiper-wrapper swiper-image-stretch\" aria-live=\"off\">\n\t\t\t\t\t\t\t\t<div class=\"swiper-slide\" role=\"group\" aria-roledescription=\"slide\" aria-label=\"1 de 16\"><figure class=\"swiper-slide-inner\"><img decoding=\"async\" class=\"swiper-slide-image\" src=\"http:\/\/sezextremadura.org\/wp-content\/uploads\/2024\/10\/IMG_1671.jpg\" alt=\"IMG_1671\" \/><\/figure><\/div><div class=\"swiper-slide\" role=\"group\" aria-roledescription=\"slide\" aria-label=\"2 de 16\"><figure class=\"swiper-slide-inner\"><img decoding=\"async\" class=\"swiper-slide-image\" src=\"http:\/\/sezextremadura.org\/wp-content\/uploads\/2024\/10\/IMG_1703.jpg\" alt=\"IMG_1703\" \/><\/figure><\/div><div class=\"swiper-slide\" role=\"group\" aria-roledescription=\"slide\" aria-label=\"3 de 16\"><figure class=\"swiper-slide-inner\"><img decoding=\"async\" class=\"swiper-slide-image\" src=\"http:\/\/sezextremadura.org\/wp-content\/uploads\/2024\/10\/IMG_1709.jpg\" alt=\"IMG_1709\" \/><\/figure><\/div><div class=\"swiper-slide\" role=\"group\" aria-roledescription=\"slide\" aria-label=\"4 de 16\"><figure class=\"swiper-slide-inner\"><img decoding=\"async\" class=\"swiper-slide-image\" src=\"http:\/\/sezextremadura.org\/wp-content\/uploads\/2024\/10\/IMG_1706.jpg\" alt=\"IMG_1706\" \/><\/figure><\/div><div class=\"swiper-slide\" role=\"group\" aria-roledescription=\"slide\" aria-label=\"5 de 16\"><figure class=\"swiper-slide-inner\"><img decoding=\"async\" class=\"swiper-slide-image\" src=\"http:\/\/sezextremadura.org\/wp-content\/uploads\/2024\/10\/IMG_1737.jpg\" alt=\"IMG_1737\" \/><\/figure><\/div><div class=\"swiper-slide\" role=\"group\" aria-roledescription=\"slide\" aria-label=\"6 de 16\"><figure class=\"swiper-slide-inner\"><img decoding=\"async\" class=\"swiper-slide-image\" src=\"http:\/\/sezextremadura.org\/wp-content\/uploads\/2024\/10\/IMG_1751.jpg\" alt=\"IMG_1751\" \/><\/figure><\/div><div class=\"swiper-slide\" role=\"group\" aria-roledescription=\"slide\" aria-label=\"7 de 16\"><figure class=\"swiper-slide-inner\"><img decoding=\"async\" class=\"swiper-slide-image\" src=\"http:\/\/sezextremadura.org\/wp-content\/uploads\/2024\/10\/IMG_1743.jpg\" alt=\"IMG_1743\" \/><\/figure><\/div><div class=\"swiper-slide\" role=\"group\" aria-roledescription=\"slide\" aria-label=\"8 de 16\"><figure class=\"swiper-slide-inner\"><img decoding=\"async\" class=\"swiper-slide-image\" src=\"http:\/\/sezextremadura.org\/wp-content\/uploads\/2024\/10\/IMG_1753.jpg\" alt=\"IMG_1753\" \/><\/figure><\/div><div class=\"swiper-slide\" role=\"group\" aria-roledescription=\"slide\" aria-label=\"9 de 16\"><figure class=\"swiper-slide-inner\"><img decoding=\"async\" class=\"swiper-slide-image\" src=\"http:\/\/sezextremadura.org\/wp-content\/uploads\/2024\/10\/IMG_1755.jpg\" alt=\"IMG_1755\" \/><\/figure><\/div><div class=\"swiper-slide\" role=\"group\" aria-roledescription=\"slide\" aria-label=\"10 de 16\"><figure class=\"swiper-slide-inner\"><img decoding=\"async\" class=\"swiper-slide-image\" src=\"http:\/\/sezextremadura.org\/wp-content\/uploads\/2024\/10\/IMG_1746.jpg\" alt=\"IMG_1746\" \/><\/figure><\/div><div class=\"swiper-slide\" role=\"group\" aria-roledescription=\"slide\" aria-label=\"11 de 16\"><figure class=\"swiper-slide-inner\"><img decoding=\"async\" class=\"swiper-slide-image\" src=\"http:\/\/sezextremadura.org\/wp-content\/uploads\/2024\/10\/IMG_1771.jpg\" alt=\"IMG_1771\" \/><\/figure><\/div><div class=\"swiper-slide\" role=\"group\" aria-roledescription=\"slide\" aria-label=\"12 de 16\"><figure class=\"swiper-slide-inner\"><img decoding=\"async\" class=\"swiper-slide-image\" src=\"http:\/\/sezextremadura.org\/wp-content\/uploads\/2024\/10\/IMG_1778.jpg\" alt=\"IMG_1778\" \/><\/figure><\/div><div class=\"swiper-slide\" role=\"group\" aria-roledescription=\"slide\" aria-label=\"13 de 16\"><figure class=\"swiper-slide-inner\"><img decoding=\"async\" class=\"swiper-slide-image\" src=\"http:\/\/sezextremadura.org\/wp-content\/uploads\/2024\/10\/IMG_1832.jpg\" alt=\"IMG_1832\" \/><\/figure><\/div><div class=\"swiper-slide\" role=\"group\" aria-roledescription=\"slide\" aria-label=\"14 de 16\"><figure class=\"swiper-slide-inner\"><img decoding=\"async\" class=\"swiper-slide-image\" src=\"http:\/\/sezextremadura.org\/wp-content\/uploads\/2024\/10\/IMG_1842.jpg\" alt=\"IMG_1842\" \/><\/figure><\/div><div class=\"swiper-slide\" role=\"group\" aria-roledescription=\"slide\" aria-label=\"15 de 16\"><figure class=\"swiper-slide-inner\"><img decoding=\"async\" class=\"swiper-slide-image\" src=\"http:\/\/sezextremadura.org\/wp-content\/uploads\/2024\/10\/IMG_1864.jpg\" alt=\"IMG_1864\" \/><\/figure><\/div><div class=\"swiper-slide\" role=\"group\" aria-roledescription=\"slide\" aria-label=\"16 de 16\"><figure class=\"swiper-slide-inner\"><img decoding=\"async\" class=\"swiper-slide-image\" src=\"http:\/\/sezextremadura.org\/wp-content\/uploads\/2024\/10\/IMG_1858.jpg\" alt=\"IMG_1858\" \/><\/figure><\/div>\t\t\t<\/div>\n\t\t\t\t\t\t\t\t\t\t\t\t<div class=\"elementor-swiper-button elementor-swiper-button-prev\" role=\"button\" tabindex=\"0\">\n\t\t\t\t\t\t<svg aria-hidden=\"true\" class=\"e-font-icon-svg e-eicon-chevron-left\" viewBox=\"0 0 1000 1000\" xmlns=\"http:\/\/www.w3.org\/2000\/svg\"><path d=\"M646 125C629 125 613 133 604 142L308 442C296 454 292 471 292 487 292 504 296 521 308 533L604 854C617 867 629 875 646 875 663 875 679 871 692 858 704 846 713 829 713 812 713 796 708 779 692 767L438 487 692 225C700 217 708 204 708 187 708 171 704 154 692 142 675 129 663 125 646 125Z\"><\/path><\/svg>\t\t\t\t\t<\/div>\n\t\t\t\t\t<div class=\"elementor-swiper-button elementor-swiper-button-next\" role=\"button\" tabindex=\"0\">\n\t\t\t\t\t\t<svg aria-hidden=\"true\" class=\"e-font-icon-svg e-eicon-chevron-right\" viewBox=\"0 0 1000 1000\" xmlns=\"http:\/\/www.w3.org\/2000\/svg\"><path d=\"M696 533C708 521 713 504 713 487 713 471 708 454 696 446L400 146C388 133 375 125 354 125 338 125 325 129 313 142 300 154 292 171 292 187 292 204 296 221 308 233L563 492 304 771C292 783 288 800 288 817 288 833 296 850 308 863 321 871 338 875 354 875 371 875 388 867 400 854L696 533Z\"><\/path><\/svg>\t\t\t\t\t<\/div>\n\t\t\t\t\n\t\t\t\t\t\t\t\t\t<div class=\"swiper-pagination\"><\/div>\n\t\t\t\t\t\t\t\t\t<\/div>\n\t\t\t\t\t\t<\/div>\n\t\t\t\t<\/div>\n\t\t\t\t<\/div>\n\t\t<div class=\"elementor-element elementor-element-2ff9e976 e-flex e-con-boxed e-con e-parent\" data-id=\"2ff9e976\" data-element_type=\"container\">\n\t\t\t\t\t<div class=\"e-con-inner\">\n\t\t\t\t<div class=\"elementor-element elementor-element-7b0142b5 elementor-widget elementor-widget-text-editor\" data-id=\"7b0142b5\" data-element_type=\"widget\" data-widget_type=\"text-editor.default\">\n\t\t\t\t<div class=\"elementor-widget-container\">\n\t\t\t\t\t\t\t\t\t<p><\/p>\n<p><strong>PROYECTO DE FORMACI\u00d3N SOCIEDAD EXTREME\u00d1A DE ZOOLOG\u00cdA<\/strong><\/p>\n<p><\/p>\n<p><\/p>\n<p>Desde la Sociedad Extreme\u00f1a de Zoolog\u00eda tenemos un fuerte compromiso con la formaci\u00f3n y la educaci\u00f3n ambiental de nuestra sociedad. Estamos firmemente convencidos de que s\u00f3lo se puede conservar aquello que se conoce, por lo que la difusi\u00f3n del rico patrimonio natural extreme\u00f1o es uno de los objetivos fundamentales que perseguimos. Para ello, hemos dise\u00f1ado una propuesta formativa que integra toda una serie de cursos que abarcan diferentes \u00e1mbitos relacionados con nuestra fauna y nuestro medio ambiente.<\/p>\n<p><\/p>\n<p><\/p>\n<p>\u00a0Algunos ejemplos de cursos que tenemos disponibles son:<\/p>\n<p><\/p>\n<p><\/p>\n<p>\u25cf Curso de iniciaci\u00f3n a las huellas e Indicios<\/p>\n<p><\/p>\n<p><\/p>\n<p>\u25cf Curso de iniciaci\u00f3n a la ictiolog\u00eda<\/p>\n<p><\/p>\n<p><\/p>\n<p>\u25cf Curso de iniciaci\u00f3n a la fotograf\u00eda de naturaleza\u00a0<\/p>\n<p><\/p>\n<p><\/p>\n<p>\u25cf Curso de iniciaci\u00f3n a la herpetolog\u00eda<\/p>\n<p><\/p>\n<p><\/p>\n<p>\u25cf Curso de iniciaci\u00f3n a la identificaci\u00f3n de cantos de aves<\/p>\n<p><\/p>\n<p><\/p>\n<p>\u25cf Curso de iniciaci\u00f3n a la entomolog\u00eda<\/p>\n<p><\/p>\n<p><\/p>\n<p>\u25cf Curso de iniciaci\u00f3n a los murci\u00e9lagos en Extremadura<\/p>\n<p><\/p>\n<p><\/p>\n<p>\u25cf Curso de rastreo del lobo ib\u00e9rico<\/p>\n<p><\/p>\n<p><\/p>\n<p>\u25cf Curso del lince ib\u00e9rico y su conservaci\u00f3n<\/p>\n<p><\/p>\n<p><\/p>\n<p>Hemos contado con bi\u00f3logos\/as, profesores\/as y profesionales de primer orden como docentes. Y por nuestros cursos han pasado m\u00e1s de 400 alumnos\/as de toda la geograf\u00eda espa\u00f1ola, recibiendo siempre una calificaci\u00f3n alta en nuestros cuestionarios de satisfacci\u00f3n, no obstante seguimos proponiendo nuevos cursos y metodolog\u00edas a\u00f1o tras a\u00f1o.<\/p>\n<p><\/p>\n<p><\/p>\n<p>Los cursos est\u00e1n orientados principalmente al conocimiento del medio natural y por lo tanto, apostamos por metodolog\u00edas innovadoras, orientadas al aprendizaje significativo.\u00a0<\/p>\n<p><\/p>\n<p><\/p>\n<p>Cada curso es realizado por un especialista en la materia y son ellos quienes establecen la metodolog\u00eda m\u00e1s adecuada para su experiencia.\u00a0 No obstante la SEZ recoge un dec\u00e1logo docente para que todos los cursos tengan la misma l\u00ednea.\u00a0<\/p>\n<p><\/p>\n<p><\/p>\n<p>La carga lectiva del curso se reparte en una parte te\u00f3rica y otra pr\u00e1ctica.<\/p>\n<p><\/p>\t\t\t\t\t\t\t\t<\/div>\n\t\t\t\t<\/div>\n\t\t\t\t\t<\/div>\n\t\t\t\t<\/div>\n\t\t\t\t<\/div>\n\t\t","protected":false},"excerpt":{"rendered":"<p>CURSOS 2025 CURSOS 2024 CURSOS 2025 \u00a0 \u00a0 \u00a0 \u00a0 \u00a0 \u00a0 \u00a0 \u00a0 \u00a0 \u00a0 \u00a0 \u00a0 \u00a0 \u00a0\u00a0<\/p>\n<p><span class=\"more-link\"><a href=\"https:\/\/sezextremadura.org\/index.php\/cursos\/\" class=\"readmore\">Seguir leyendo<span class=\"screen-reader-text\">CURSOS<\/span><\/a><\/span><\/p>\n","protected":false},"author":1,"featured_media":0,"parent":0,"menu_order":0,"comment_status":"closed","ping_status":"closed","template":"","meta":{"footnotes":""},"class_list":["post-168","page","type-page","status-publish","hentry"],"_links":{"self":[{"href":"https:\/\/sezextremadura.org\/index.php\/wp-json\/wp\/v2\/pages\/168","targetHints":{"allow":["GET"]}}],"collection":[{"href":"https:\/\/sezextremadura.org\/index.php\/wp-json\/wp\/v2\/pages"}],"about":[{"href":"https:\/\/sezextremadura.org\/index.php\/wp-json\/wp\/v2\/types\/page"}],"author":[{"embeddable":true,"href":"https:\/\/sezextremadura.org\/index.php\/wp-json\/wp\/v2\/users\/1"}],"replies":[{"embeddable":true,"href":"https:\/\/sezextremadura.org\/index.php\/wp-json\/wp\/v2\/comments?post=168"}],"version-history":[{"count":104,"href":"https:\/\/sezextremadura.org\/index.php\/wp-json\/wp\/v2\/pages\/168\/revisions"}],"predecessor-version":[{"id":614,"href":"https:\/\/sezextremadura.org\/index.php\/wp-json\/wp\/v2\/pages\/168\/revisions\/614"}],"wp:attachment":[{"href":"https:\/\/sezextremadura.org\/index.php\/wp-json\/wp\/v2\/media?parent=168"}],"curies":[{"name":"wp","href":"https:\/\/api.w.org\/{rel}","templated":true}]}}